{"id":257,"date":"2022-07-12T17:20:41","date_gmt":"2022-07-12T17:20:41","guid":{"rendered":"https:\/\/elcroquetero.com\/2.0\/?post_type=product&#038;p=257"},"modified":"2022-09-21T00:47:08","modified_gmt":"2022-09-21T00:47:08","slug":"nupec-cachorro-razas-pequenas-2kg","status":"publish","type":"product","link":"https:\/\/elcroquetero.com\/2.0\/producto\/nupec-cachorro-razas-pequenas-2kg\/","title":{"rendered":"NUPEC Cachorro Razas Peque\u00f1as 2KG"},"content":{"rendered":"<p>En NUPEC estamos conscientes de que un cachorro de raza peque\u00f1a alcanza su etapa adulta en menor tiempo (de 7 a 12 meses), y que tiene un tracto digestivo con una capacidad limitada. Por ello hemos dise\u00f1ado un alimento con la densidad nutricional y energ\u00e9tica que les ayuda a potencializar el crecimiento que definir\u00e1 su calidad de vida adulta.<\/p>\n<p><img loading=\"lazy\" decoding=\"async\" class=\"alignnone wp-image-259 size-full\" src=\"https:\/\/elcroquetero.com\/2.0\/wp-content\/uploads\/2022\/07\/Tasa-19.png\" alt=\"\" width=\"950\" height=\"346\" srcset=\"https:\/\/elcroquetero.com\/2.0\/wp-content\/uploads\/2022\/07\/Tasa-19.png 950w, https:\/\/elcroquetero.com\/2.0\/wp-content\/uploads\/2022\/07\/Tasa-19-300x109.png 300w, https:\/\/elcroquetero.com\/2.0\/wp-content\/uploads\/2022\/07\/Tasa-19-768x280.png 768w, https:\/\/elcroquetero.com\/2.0\/wp-content\/uploads\/2022\/07\/Tasa-19-600x219.png 600w\" sizes=\"auto, (max-width: 950px) 100vw, 950px\" \/><label class=\"mr\"><\/label><\/p>\n<h3 class=\"mb-4 text-color-custom\"><strong>INGREDIENTES DE ALTA CALIDAD<\/strong><\/h3>\n<p>Harina de carne de res, arroz, ma\u00edz, carne de pollo, harina de carne de pollo, concentrado de prote\u00edna vegetal, grasa de pollo, pulpa de remolacha, semilla de linaza, harina de pescado, sabor natural de pollo, f\u00f3sforo, calcio, sodio, extracto de ra\u00edz de achicoria, cloruro de colina, levadura hidrolizada (<i>Saccharomyces cerevisiae activa<\/i>\u00a010&#215;10<label class=\"mr\">10<\/label>\u00a0), lisina, acetato de retinol (fuente de vitamina A), colecalciferol (fuente de vitamina D), acetato de DL- alpha tocoferol (fuente de vitamina E), menadiona nicotinamida bisulfato (fuente de vitamina K), \u00e1cido asc\u00f3rbico (fuente de vitamina C), mononitrato de tiamina (fuente de vitamina B1), riboflavina (fuente de vitamina B2), \u00e1cido nicot\u00ednico (fuente de vitamina B3), clorhidrato de piridoxina (fuente de vitamina B6), cianocobalamina (fuente de vitamina B12), D-biotina (fuente de vitamina H), D-pantotenato de calcio (fuente de vitamina B5), \u00e1cido f\u00f3lico, hierro org\u00e1nico, manganeso org\u00e1nico, selenio org\u00e1nico, cobre org\u00e1nico, zinc org\u00e1nico, EDDI, extracto de\u00a0<i>Yucca schidigera<\/i>, mezcla de romero y tocoferoles como conservadores.<\/p>\n<p><label class=\"mr\">\u00a0<\/label><\/p>\n","protected":false},"excerpt":{"rendered":"<p>En NUPEC estamos conscientes de que un cachorro de raza peque\u00f1a alcanza su etapa adulta en menor tiempo (de 7&hellip;<\/p>\n","protected":false},"featured_media":258,"template":"","meta":[],"product_cat":[81,86],"product_tag":[],"class_list":["post-257","product","type-product","status-publish","has-post-thumbnail","hentry","product_cat-perros","product_cat-razas-pequenas"],"_links":{"self":[{"href":"https:\/\/elcroquetero.com\/2.0\/wp-json\/wp\/v3\/product\/257","targetHints":{"allow":["GET"]}}],"collection":[{"href":"https:\/\/elcroquetero.com\/2.0\/wp-json\/wp\/v3\/product"}],"about":[{"href":"https:\/\/elcroquetero.com\/2.0\/wp-json\/wp\/v2\/types\/product"}],"wp:featuredmedia":[{"embeddable":true,"href":"https:\/\/elcroquetero.com\/2.0\/wp-json\/wp\/v2\/media\/258"}],"wp:attachment":[{"href":"https:\/\/elcroquetero.com\/2.0\/wp-json\/wp\/v2\/media?parent=257"}],"wp:term":[{"taxonomy":"product_cat","embeddable":true,"href":"https:\/\/elcroquetero.com\/2.0\/wp-json\/wp\/v2\/product_cat?post=257"},{"taxonomy":"product_tag","embeddable":true,"href":"https:\/\/elcroquetero.com\/2.0\/wp-json\/wp\/v2\/product_tag?post=257"}],"curies":[{"name":"wp","href":"https:\/\/api.w.org\/{rel}","templated":true}]}}